{"id":1787,"date":"2022-08-25T17:59:58","date_gmt":"2022-08-25T17:59:58","guid":{"rendered":"https:\/\/javelsidhoum.com\/blanlux\/?page_id=1787"},"modified":"2022-08-25T18:56:22","modified_gmt":"2022-08-25T18:56:22","slug":"presentation","status":"publish","type":"page","link":"https:\/\/javelsidhoum.com\/blanlux\/presentation\/","title":{"rendered":"Pr\u00e9sentation"},"content":{"rendered":"<p>[vc_row cmt_bgimagefixed=&#8221;&#8221; break_in_responsive=&#8221;991&#8243; full_width=&#8221;stretch_row&#8221; tm_bgimagefixed=&#8221;&#8221; css=&#8221;.vc_custom_1582784739532{padding-top: 66px !important;padding-bottom: 90px !important;background-image: url(https:\/\/javelsidhoum.com\/blanlux\/wp-content\/uploads\/2020\/01\/cmt-rowbg-06.jpg?id=666) !important;background-position: center !important;background-repeat: no-repeat !important;background-size: cover !important;}&#8221; cmt_responsive_css=&#8221;97291357|colbreak_no|||||||||colbreak_no|||||30px||30px||colbreak_no||||||||||colbreak_no|||||||||&#8221;][vc_column width=&#8221;1\/2&#8243; css=&#8221;.vc_custom_1580382465538{background-position: center !important;background-repeat: no-repeat !important;background-size: cover !important;}&#8221;][vc_single_image image=&#8221;1789&#8243; img_size=&#8221;full&#8221; css=&#8221;.vc_custom_1661451664839{margin-bottom: 0px !important;}&#8221;][\/vc_column][vc_column width=&#8221;1\/2&#8243; css=&#8221;.vc_custom_1584943871012{padding-top: 118px !important;}&#8221; cmt_responsive_css=&#8221;41004784|colbreak_no|||||||||colbreak_no|||||40px||||colbreak_no||||||||||colbreak_no|||||||||&#8221;]<div class=\"cmt-element-heading-wrapper cmt-sboxheading-inner cmt-sboxelement-align-left cmt-seperator-none cmt-sboxheading-style-vertical  vc_custom_1661453006412\"><section class=\"cmt-sboxvc_cta3-container\"><div class=\"cmt-vc_general cmt-sboxvc_cta3 cmt-sboxcta3-only cmt-sboxvc_cta3-style-classic cmt-sboxvc_cta3-shape-rounded cmt-sboxvc_cta3-align-left cmt-sboxvc_cta3-color-transparent cmt-sboxvc_cta3-icon-size-md cmt-sboxvc_cta3-actions-no cmt-sboxcta3-with-desc\"><div class=\"cmt-vc_cta3_content-container\"><div class=\"cmt-vc_cta3-content\"><header class=\"cmt-vc_cta3-content-header cmt-section-wrapper\"><div class=\"cmt-sboxvc_cta3-headers cmt-section-wrapper-cell\"><h4 class=\"cmt-custom-heading \" >A PROPOS DE<\/h4>\n<h2 class=\"cmt-custom-heading \" >BLANLUX PAINT<\/h2>\n<\/div><div class=\"heading-seperator\"><span><\/span><\/div><\/header><div class=\"cmt-sboxcta3-content-wrapper\"><p>C&#8217;est avec un grand plaisir de mettre \u00e0 votre disposition apr\u00e8s deux ann\u00e9es de d\u00e9veloppement &amp; production notre premier catalogue g\u00e9n\u00e9ral o\u00f9 nous d\u00e9clinons notre gamme de peinture comportant 25 produits disponibles dans 160 conditionnements.<\/p>\n<p>L&#8217;entreprise a \u00e9t\u00e9 cr\u00e9\u00e9 en f\u00e9vrier 2017 par Mr Aoussat Mohamed lamine et sa mise en production date d&#8217;octobre 2019.<\/p>\n<p>Les moyens de production performant mis en place permettent d&#8217;assurer une production de qualit\u00e9.<\/p>\n<p>Le service laboratoire est dot\u00e9 de l&#8217;\u00e9quipement n\u00e9cessaire pour proc\u00e9der au contr\u00f4le de la qualit\u00e9 afin d&#8217;assurer la conformit\u00e9 et la stabilit\u00e9 de nos produits. Le service commercial est a votre \u00e9coute pour adapter nos produits en fonction de vos besoins et recevoir vos appr\u00e9ciations sur nos produits pour nous inciter \u00e0 mieux faire.<\/p><\/div><\/div><\/div><\/div><\/section><\/div> <!-- .cmt-element-heading-wrapper container --> [vc_separator css=&#8221;.vc_custom_1576215976351{margin-bottom: 0px !important;}&#8221;][\/vc_column][\/vc_row][vc_row cmt_bgcolor=&#8221;white&#8221; cmt_bgimagefixed=&#8221;&#8221; break_in_responsive=&#8221;991&#8243; full_width=&#8221;stretch_row&#8221; tm_bgimagefixed=&#8221;&#8221; css=&#8221;.vc_custom_1582007330408{margin-bottom: -50px !important;padding-top: 0px !important;padding-bottom: 0px !important;}&#8221;][vc_column reduce_extra_padding=&#8221;991&#8243; width=&#8221;1\/2&#8243; css=&#8221;.vc_custom_1584943914503{margin-bottom: 118px !important;padding-left: 25px !important;}&#8221; cmt_responsive_css=&#8221;67837354|colbreak_no|||||||||colbreak_no|-30px||||||||colbreak_no||||||||||colbreak_no|||||||||&#8221;]<div class=\"cmt-element-heading-wrapper cmt-sboxheading-inner cmt-sboxelement-align-left cmt-seperator-none cmt-sboxheading-style-vertical  vc_custom_1661452286247\"><section class=\"cmt-sboxvc_cta3-container\"><div class=\"cmt-vc_general cmt-sboxvc_cta3 cmt-sboxcta3-only cmt-sboxvc_cta3-style-classic cmt-sboxvc_cta3-shape-rounded cmt-sboxvc_cta3-align-left cmt-sboxvc_cta3-color-transparent cmt-sboxvc_cta3-icon-size-md cmt-sboxvc_cta3-actions-no cmt-sboxcta3-without-desc\"><div class=\"cmt-vc_cta3_content-container\"><div class=\"cmt-vc_cta3-content\"><header class=\"cmt-vc_cta3-content-header cmt-section-wrapper\"><div class=\"cmt-sboxvc_cta3-headers cmt-section-wrapper-cell\"><h4 class=\"cmt-custom-heading \" >DECOUVREZ<\/h4>\n<h2 class=\"cmt-custom-heading \" >NOS OBJECTIFS<\/h2>\n<\/div><div class=\"heading-seperator\"><span><\/span><\/div><\/header><\/div><\/div><\/div><\/section><\/div> <!-- .cmt-element-heading-wrapper container --> [vc_row_inner css=&#8221;.vc_custom_1576661726048{margin-top: -20px !important;}&#8221; el_class=&#8221;servicebox-number&#8221;][vc_column_inner css=&#8221;.vc_custom_1572585015442{margin-top: -10px !important;}&#8221;]<div class=\"cmt-sbox cmt-sbox-iconalign-left-spacing cmt-sbox-bgcolor-transparent cmt-bgcolor-transparent cmt-sbox-textcolor- cmt-textcolor- cmt-sbox-isize-xs cmt-sbox-isize-xs cmt-sbox-istyle-rounded vc_custom_1661452320599 cmt-sbox-heading-only\"><section class=\"cmt-sboxvc_cta3-container\"><div class=\"cmt-vc_general cmt-sboxvc_cta3 cmt-sboxvc_cta3-align-left cmt-sboxvc_cta3-icon-size-xs cmt-sboxvc_cta3-icons-left cmt-sboxvc_cta3-actions-no\"><div class=\"cmt-sboxvc_cta3-icons cmt-section-wrapper-cell\"><div class=\"cmt-vc_icon_element cmt-vc_icon_element-outer cmt-vc_icon_element-align-left  cmt-vc_icon_element-have-style\"><div class=\"cmt-vc_icon_element-inner  cmt-vc_icon_element-have-style-inner cmt-vc_icon_element-color-white cmt-vc_icon_element-size-xs cmt-vc_icon_element-style-rounded cmt-vc_icon_element-background cmt-vc_icon_element-background-color-skincolor\" ><span class=\"cmt-vc_icon_element-icon themifyicon ti-arrow-circle-down\" ><\/span><\/div><\/div><\/div><div class=\"cmt-vc_cta3_content-container\"><div class=\"cmt-vc_cta3-content\"><div class=\"cmt-vc_cta3-content-header cmt-section-wrapper\"><div class=\"cmt-sboxvc_cta3-headers cmt-section-wrapper-cell\"><h2 class=\"cmt-custom-heading \" >Sollution sur-mesure<\/h2>\n<\/div><\/div><\/div><div class=\"cmt-sboxcta3-desc-btn-wrapper\"><div class=\"cmt-sboxcta3-description\"><div class=\"cmt-sboxcta3-content-wrapper\"><p>Le service technico-commercial jouissant d\u2019un savoir-faire est \u00e0 la disposition de notre client\u00e8le pour l\u2019aider \u00e0 solutionner les probl\u00e8mes qu\u2019elle rencontre dans le domaine des peintures.<\/p><\/div><\/div><\/div><\/div><\/div><\/section><\/div>[vc_separator]<div class=\"cmt-sbox cmt-sbox-iconalign-left-spacing cmt-sbox-bgcolor-transparent cmt-bgcolor-transparent cmt-sbox-textcolor- cmt-textcolor- cmt-sbox-isize-xs cmt-sbox-isize-xs cmt-sbox-istyle-rounded vc_custom_1661452526218 cmt-sbox-heading-only\"><section class=\"cmt-sboxvc_cta3-container\"><div class=\"cmt-vc_general cmt-sboxvc_cta3 cmt-sboxvc_cta3-align-left cmt-sboxvc_cta3-icon-size-xs cmt-sboxvc_cta3-icons-left cmt-sboxvc_cta3-actions-no\"><div class=\"cmt-sboxvc_cta3-icons cmt-section-wrapper-cell\"><div class=\"cmt-vc_icon_element cmt-vc_icon_element-outer cmt-vc_icon_element-align-left  cmt-vc_icon_element-have-style\"><div class=\"cmt-vc_icon_element-inner  cmt-vc_icon_element-have-style-inner cmt-vc_icon_element-color-white cmt-vc_icon_element-size-xs cmt-vc_icon_element-style-rounded cmt-vc_icon_element-background cmt-vc_icon_element-background-color-skincolor\" ><span class=\"cmt-vc_icon_element-icon themifyicon ti-arrow-circle-down\" ><\/span><\/div><\/div><\/div><div class=\"cmt-vc_cta3_content-container\"><div class=\"cmt-vc_cta3-content\"><div class=\"cmt-vc_cta3-content-header cmt-section-wrapper\"><div class=\"cmt-sboxvc_cta3-headers cmt-section-wrapper-cell\"><h2 class=\"cmt-custom-heading \" >D\u00e9veloppement constant<\/h2>\n<\/div><\/div><\/div><div class=\"cmt-sboxcta3-desc-btn-wrapper\"><div class=\"cmt-sboxcta3-description\"><div class=\"cmt-sboxcta3-content-wrapper\"><p>Nous souhaitons recevoir votre appui et votre adhension pour continuer le d\u00e9veloppement de l\u2019entreprise et construire un partenariat<\/p>\n<p><\/div><\/div><\/div><\/div><\/div><\/section><\/div>[\/vc_column_inner][\/vc_row_inner][\/vc_column][vc_column cmt_zindex=&#8221;1&#8243; width=&#8221;1\/2&#8243; tm_bgcolor=&#8221;white&#8221; tm_zindex=&#8221;2&#8243; css=&#8221;.vc_custom_1581585245311{margin-right: 15px !important;border-right-width: 12px !important;border-bottom-width: 12px !important;border-left-width: 12px !important;padding-right: 0px !important;padding-left: 0px !important;border-left-color: #ffffff !important;border-left-style: solid !important;border-right-color: #ffffff !important;border-right-style: solid !important;border-bottom-color: #ffffff !important;border-bottom-style: solid !important;}&#8221;][vc_single_image image=&#8221;1803&#8243; img_size=&#8221;full&#8221; css=&#8221;.vc_custom_1661452961261{margin-top: -12px !important;margin-bottom: 0px !important;border-top-width: 12px !important;border-top-style: solid !important;}&#8221; el_class=&#8221;cmt-border-top-skincolor&#8221;][\/vc_column][\/vc_row][vc_row cmt_bgcolor=&#8221;darkgrey&#8221; cmt_bgimagefixed=&#8221;&#8221; full_width=&#8221;stretch_row&#8221; tm_bgcolor=&#8221;darkgrey&#8221; tm_bgimagefixed=&#8221;&#8221; css=&#8221;.vc_custom_1582784868429{margin-top: -70px !important;padding-top: 153px !important;padding-bottom: 60px !important;background-image: url(https:\/\/javelsidhoum.com\/blanlux\/wp-content\/uploads\/2020\/02\/row-map11.png?id=1291) !important;background-position: center !important;background-repeat: no-repeat !important;background-size: cover !important;}&#8221; cmt_responsive_css=&#8221;38834575|colbreak_no|||||||||colbreak_no|0px||||85px||30px||colbreak_no||||||||||colbreak_no|||||||||&#8221;][vc_column tm_textcolor=&#8221;white&#8221;]<div class=\"cmt-element-heading-wrapper cmt-sboxheading-inner cmt-sboxelement-align-center cmt-seperator-solid cmt-sboxheading-style-vertical \"><section class=\"cmt-sboxvc_cta3-container\"><div class=\"cmt-vc_general cmt-sboxvc_cta3 cmt-sboxcta3-only cmt-sboxvc_cta3-style-classic cmt-sboxvc_cta3-shape-rounded cmt-sboxvc_cta3-align-center cmt-sboxvc_cta3-color-transparent cmt-sboxvc_cta3-icon-size-md cmt-sboxvc_cta3-actions-no cmt-sboxcta3-without-desc\"><div class=\"cmt-vc_cta3_content-container\"><div class=\"cmt-vc_cta3-content\"><header class=\"cmt-vc_cta3-content-header cmt-section-wrapper\"><div class=\"cmt-sboxvc_cta3-headers cmt-section-wrapper-cell\"><h4 class=\"cmt-custom-heading \" >POURQUOI NOUS CHOISIR<\/h4>\n<h2 class=\"cmt-custom-heading \" >D\u00e9couvrez nos points fort<\/h2>\n<\/div><div class=\"heading-seperator\"><span><\/span><\/div><\/header><\/div><\/div><\/div><\/section><\/div> <!-- .cmt-element-heading-wrapper container --> [vc_row_inner break_in_responsive=&#8221;991&#8243; el_class=&#8221;cmt-fidbg-box&#8221;][vc_column_inner width=&#8221;1\/4&#8243;]\n\n<div class=\"cmt-fid inside cmt-fid-with-icon cmt-fid-view-lefticon cmt-fid-no-border\">\n\t<div class=\"cmt-fid-left\">\n\t\t<div class=\"cmt-fid-icon-wrapper\"><i class=\"cmt_duplexo flaticon-clock\"><\/i><\/div>\t<\/div>\n\t<div class=\"cmt-fld-contents\">\t\n\t\t<h4 class=\"cmt-fid-inner\">\n\t\t\t\t<span\n\t\t\tdata-appear-animation = \"animateDigits\"\n\t\t\tdata-from             = \"0\"\n\t\t\tdata-to               = \"5\"\n\t\t\tdata-interval         = \"1\"\n\t\t\tdata-before           = \"\"\n\t\t\tdata-before-style     = \"sup\"\n\t\t\tdata-after            = \"+\"\n\t\t\tdata-after-style      = \"span\"\n\t\t\t>\n\t\t\t\t5\t\t<\/span>\n\t\t<span>+<\/span>\t<\/h4>\n\t\t<h3 class=\"cmt-fid-title\"><span>Ans d'Experience<br><\/span><\/h3>\n\t<\/div><!-- .cmt-fld-contents -->\n\t<\/div>\n\n\n\n[\/vc_column_inner][vc_column_inner width=&#8221;1\/4&#8243;]\n\n<div class=\"cmt-fid inside cmt-fid-with-icon cmt-fid-view-lefticon cmt-fid-no-border\">\n\t<div class=\"cmt-fid-left\">\n\t\t<div class=\"cmt-fid-icon-wrapper\"><i class=\"vc_li vc_li-data\"><\/i><\/div>\t<\/div>\n\t<div class=\"cmt-fld-contents\">\t\n\t\t<h4 class=\"cmt-fid-inner\">\n\t\t\t\t<span\n\t\t\tdata-appear-animation = \"animateDigits\"\n\t\t\tdata-from             = \"0\"\n\t\t\tdata-to               = \"25\"\n\t\t\tdata-interval         = \"2\"\n\t\t\tdata-before           = \"\"\n\t\t\tdata-before-style     = \"sup\"\n\t\t\tdata-after            = \"+\"\n\t\t\tdata-after-style      = \"span\"\n\t\t\t>\n\t\t\t\t25\t\t<\/span>\n\t\t<span>+<\/span>\t<\/h4>\n\t\t<h3 class=\"cmt-fid-title\"><span>Produits<br><\/span><\/h3>\n\t<\/div><!-- .cmt-fld-contents -->\n\t<\/div>\n\n\n\n[\/vc_column_inner][vc_column_inner width=&#8221;1\/4&#8243;]\n\n<div class=\"cmt-fid inside cmt-fid-with-icon cmt-fid-view-lefticon cmt-fid-no-border\">\n\t<div class=\"cmt-fid-left\">\n\t\t<div class=\"cmt-fid-icon-wrapper\"><i class=\"cmt_duplexo flaticon-construction-and-tools-2\"><\/i><\/div>\t<\/div>\n\t<div class=\"cmt-fld-contents\">\t\n\t\t<h4 class=\"cmt-fid-inner\">\n\t\t\t\t<span\n\t\t\tdata-appear-animation = \"animateDigits\"\n\t\t\tdata-from             = \"0\"\n\t\t\tdata-to               = \"160\"\n\t\t\tdata-interval         = \"3\"\n\t\t\tdata-before           = \"\"\n\t\t\tdata-before-style     = \"sup\"\n\t\t\tdata-after            = \"+\"\n\t\t\tdata-after-style      = \"span\"\n\t\t\t>\n\t\t\t\t160\t\t<\/span>\n\t\t<span>+<\/span>\t<\/h4>\n\t\t<h3 class=\"cmt-fid-title\"><span>Conditionnements<br><\/span><\/h3>\n\t<\/div><!-- .cmt-fld-contents -->\n\t<\/div>\n\n\n\n[\/vc_column_inner][vc_column_inner width=&#8221;1\/4&#8243;]\n\n<div class=\"cmt-fid inside cmt-fid-with-icon cmt-fid-view-lefticon cmt-fid-no-border\">\n\t<div class=\"cmt-fid-left\">\n\t\t<div class=\"cmt-fid-icon-wrapper\"><i class=\"fa fa-thumbs-o-up\"><\/i><\/div>\t<\/div>\n\t<div class=\"cmt-fld-contents\">\t\n\t\t<h4 class=\"cmt-fid-inner\">\n\t\t\t\t<span\n\t\t\tdata-appear-animation = \"animateDigits\"\n\t\t\tdata-from             = \"0\"\n\t\t\tdata-to               = \"500\"\n\t\t\tdata-interval         = \"35\"\n\t\t\tdata-before           = \"\"\n\t\t\tdata-before-style     = \"sup\"\n\t\t\tdata-after            = \"+\"\n\t\t\tdata-after-style      = \"span\"\n\t\t\t>\n\t\t\t\t500\t\t<\/span>\n\t\t<span>+<\/span>\t<\/h4>\n\t\t<h3 class=\"cmt-fid-title\"><span>Clients Satisfaits<br><\/span><\/h3>\n\t<\/div><!-- .cmt-fld-contents -->\n\t<\/div>\n\n\n\n[\/vc_column_inner][\/vc_row_inner][\/vc_column][\/vc_row]<\/p>\n","protected":false},"excerpt":{"rendered":"<p>[vc_row cmt_bgimagefixed=&#8221;&#8221; break_in_responsive=&#8221;991&#8243; full_width=&#8221;stretch_row&#8221; tm_bgimagefixed=&#8221;&#8221; css=&#8221;.vc_custom_1582784739532{padding-top: 66px !important;padding-bottom: 90px !important;background-image: url(https:\/\/javelsidhoum.com\/blanlux\/wp-content\/uploads\/2020\/01\/cmt-rowbg-06.jpg?id=666) !important;background-position: center !important;background-repeat: no-repeat !important;background-size: cover !important;}&#8221; cmt_responsive_css=&#8221;97291357|colbreak_no|||||||||colbreak_no|||||30px||30px||colbreak_no||||||||||colbreak_no|||||||||&#8221;][vc_column width=&#8221;1\/2&#8243; css=&#8221;.vc_custom_1580382465538{background-position: center !important;background-repeat: no-repeat !important;background-size: cover !important;}&#8221;][vc_single_image image=&#8221;1789&#8243; img_size=&#8221;full&#8221; css=&#8221;.vc_custom_1661451664839{margin-bottom: 0px !important;}&#8221;][\/vc_column][vc_column width=&#8221;1\/2&#8243; css=&#8221;.vc_custom_1584943871012{padding-top: 118px !important;}&#8221; cmt_responsive_css=&#8221;41004784|colbreak_no|||||||||colbreak_no|||||40px||||colbreak_no||||||||||colbreak_no|||||||||&#8221;][vc_separator css=&#8221;.vc_custom_1576215976351{margin-bottom: 0px !important;}&#8221;][\/vc_column][\/vc_row][vc_row cmt_bgcolor=&#8221;white&#8221; cmt_bgimagefixed=&#8221;&#8221; break_in_responsive=&#8221;991&#8243; full_width=&#8221;stretch_row&#8221; tm_bgimagefixed=&#8221;&#8221; css=&#8221;.vc_custom_1582007330408{margin-bottom: -50px !important;padding-top: 0px !important;padding-bottom: 0px !important;}&#8221;][vc_column reduce_extra_padding=&#8221;991&#8243; width=&#8221;1\/2&#8243; css=&#8221;.vc_custom_1584943914503{margin-bottom: &hellip; <a href=\"https:\/\/javelsidhoum.com\/blanlux\/presentation\/\" class=\"more-link\">Continue reading <span class=\"screen-reader-text\">Pr\u00e9sentation<\/span><\/a><\/p>\n","protected":false},"author":1,"featured_media":0,"parent":0,"menu_order":6,"comment_status":"closed","ping_status":"closed","template":"","meta":{"footnotes":""},"class_list":["post-1787","page","type-page","status-publish","hentry"],"_links":{"self":[{"href":"https:\/\/javelsidhoum.com\/blanlux\/wp-json\/wp\/v2\/pages\/1787","targetHints":{"allow":["GET"]}}],"collection":[{"href":"https:\/\/javelsidhoum.com\/blanlux\/wp-json\/wp\/v2\/pages"}],"about":[{"href":"https:\/\/javelsidhoum.com\/blanlux\/wp-json\/wp\/v2\/types\/page"}],"author":[{"embeddable":true,"href":"https:\/\/javelsidhoum.com\/blanlux\/wp-json\/wp\/v2\/users\/1"}],"replies":[{"embeddable":true,"href":"https:\/\/javelsidhoum.com\/blanlux\/wp-json\/wp\/v2\/comments?post=1787"}],"version-history":[{"count":25,"href":"https:\/\/javelsidhoum.com\/blanlux\/wp-json\/wp\/v2\/pages\/1787\/revisions"}],"predecessor-version":[{"id":1814,"href":"https:\/\/javelsidhoum.com\/blanlux\/wp-json\/wp\/v2\/pages\/1787\/revisions\/1814"}],"wp:attachment":[{"href":"https:\/\/javelsidhoum.com\/blanlux\/wp-json\/wp\/v2\/media?parent=1787"}],"curies":[{"name":"wp","href":"https:\/\/api.w.org\/{rel}","templated":true}]}}